t of 536?
3
What is the tens digit of 4609?
0
What is the units digit of 1095?
5
What is the units digit of 896?
6
What is the tens digit of 306?
0
What is the hundreds digit of 78445?
4
What is the units digit of 40?
0
What is the units digit of 28748?
8
What is the thousands digit of 1611?
1
What is the tens digit of 2075?
7
What is the units digit of 611?
1
What is the tens digit of 34462?
6
What is the units digit of 680?
0
What is the tens digit of 860?
6
What is the units digit of 44128?
8
What is the tens digit of 6886?
8
What is the tens digit of 835?
3
What is the ten thousands digit of 26499?
2
What is the hundreds digit of 15938?
9
What is the hundreds digit of 1028?
0
What is the tens digit of 3947?
4
What is the hundreds digit of 2270?
2
What is the units digit of 413?
3
What is the units digit of 86805?
5
What is the thousands digit of 2922?
2
What is the hundreds digit of 2450?
4
What is the units digit of 2008?
8
What is the hundreds digit of 4326?
3
What is the units digit of 3309?
9
What is the units digit of 1348?
8
What is the hundreds digit of 986?
9
What is the tens digit of 580?
8
What is the tens digit of 23368?
6
What is the tens digit of 16966?
6
What is the thousands digit of 2724?
2
What is the units digit of 937?
7
What is the hundreds digit of 568?
5
What is the units digit of 56238?
8
What is the units digit of 29065?
5
What is the thousands digit of 16802?
6
What is the units digit of 1667?
7
What is the units digit of 3810?
0
What is the units digit of 381?
1
What is the units digit of 1081?
1
What is the tens digit of 1086?
8
What is the thousands digit of 90743?
0
What is the hundreds digit of 886?
8
What is the ten thousands digit of 10262?
1
What is the tens digit of 10663?
6
What is the hundreds digit of 3076?
0
What is the thousands digit of 35574?
5
What is the hundreds digit of 5675?
6
What is the tens digit of 10778?
7
What is the tens digit of 22794?
9
What is the tens digit of 326?
2
What is the ten thousands digit of 95400?
9
What is the thousands digit of 108806?
8
What is the tens digit of 28288?
8
What is the hundred thousands digit of 118091?
1
What is the thousands digit of 6327?
6
What is the hundreds digit of 41877?
8
What is the hundreds digit of 971?
9
What is the hundreds digit of 25607?
6
What is the thousands digit of 148570?
8
What is the units digit of 15356?
6
What is the thousands digit of 4850?
4
What is the hundreds digit of 19089?
0
What is the tens digit of 3704?
0
What is the thousands digit of 2900?
2
What is the units digit of 740?
0
What is the ten thousands digit of 25798?
2
What is the hundreds digit of 2000?
0
What is the units digit of 12928?
8
What is the hundreds digit of 2792?
7
What is the hundreds digit of 7208?
2
What is the tens digit of 5881?
8
What is the hundreds digit of 888?
8
What is the units digit of 4979?
9
What is the thousands digit of 3389?
3
What is the units digit of 45?
5
What is the hundreds digit of 133?
1
What is the units digit of 310?
0
What is the thousands digit of 76956?
6
What is the hundreds digit of 241?
2
What is the tens digit of 1162?
6
What is the units digit of 2094?
4
What is the tens digit of 5059?
5
What is the tens digit of 33626?
2
What is the tens digit of 509?
0
What is the thousands digit of 1577?
1
What is the hundreds digit of 5022?
0
What is the thousands digit of 1481?
1
What is the units digit of 183?
3
What is the hundreds digit of 113117?
1
What is the thousands digit of 3589?
3
What is the tens digit of 11222?
2
What is the tens digit of 3172?
7
What is the thousands digit of 1266?
1
What is the tens digit of 7544?
4
What is the ten thousands digit of 11814?
1
What is the thousands digit of 20254?
0
What is the tens digit of 833?
3
What is the thousands digit of 39987?
9
What is the tens digit of 9049?
4
What is the tens digit of 11153?
5
What is the hundreds digit of 5541?
5
What is the units digit of 626?
6
What is the units digit of 286?
6
What is the tens digit of 16736?
3
What is the ten thousands digit of 37818?
3
What is the tens digit of 296?
9
What is the thousands digit of 110925?
0
What is the units digit of 7579?
9
What is the thousands digit of 11738?
1
What is the units digit of 3546?
6
What is the units digit of 15352?
2
What is the units digit of 49873?
3
What is the tens digit of 19223?
2
What is the thousands digit of 24819?
4
What is the units digit of 4718?
8
What is the units digit of 22917?
7
What is the tens digit of 8321?
2
What is the hundreds digit of 22677?
6
What is the ten thousands digit of 18954?
1
What is the hundreds digit of 11455?
4
What is the ten thousands digit of 23284?
2
What is the hundreds digit of 2930?
9
What is the thousands digit of 3427?
3
What is the tens digit of 72099?
9
What is the units digit of 44946?
6
What is the units digit of 11326?
6
What is the hundreds digit of 37773?
7
What is the units digit of 700?
0
What is the thousands digit of 30452?
0
What is the hundreds digit of 1819?
8
What is the thousands digit of 9198?
9
What is the tens digit of 1308?
0
What is the thousands digit of 94636?
4
What is the hundreds digit of 5210?
2
What is the hundreds digit of 217?
2
What is the tens digit of 1847?
4
What is the units digit of 328?
8
What is the tens digit of 602?
0
What is the ten thousands digit of 12924?
1
What is the tens digit of 5360?
6
What is the tens digit of 6159?
5
What is the tens digit of 13221?
2
What is the hundreds digit of 30522?
5
What is the hundreds digit of 42854?
8
What is the thousands digit of 3248?
3
What is the units digit of 7663?
3
What is the units digit of 2928?
8
What is the units digit of 196?
6
What is the hundreds digit of 776?
7
What is the units digit of 582?
2
What is the tens digit of 725?
2
What is the units digit of 2322?
2
What is the ten thousands digit of 28326?
2
What is the thousands digit of 12176?
2
What is the thousands digit of 3651?
3
What is the thousands digit of 11137?
1
What is the tens digit of 7538?
3
What is the hundreds digit of 959?
9
What is the hundreds digit of 31594?
5
What is the thousands digit of 2909?
2
What is the ten thousands digit of 11818?
1
What is the tens digit of 94234?
3
What is the tens digit of 42560?
6
What is the thousands digit of 10581?
0
What is the tens digit of 22503?
0
What is the tens digit of 1761?
6
What is the thousands digit of 1628?
1
What is the ten thousands digit of 49317?
4
What is the hundreds digit of 66267?
2
What is the units digit of 365?
5
What is the hundreds digit of 550?
5
What is the units digit of 57242?
2
What is the hundreds digit of 132?
1
What is the hundred thousands digit of 118203?
1
What is the thousands digit of 58937?
8
What is the hundreds digit of 1702?
7
What is the tens digit of 830?
3
What is the units digit of 28521?
1
What is the units digit of 31591?
1
What is the units digit of 630?
0
What is the tens digit of 3080?
8
What is the hundreds digit of 21780?
7
What is the tens digit of 1961?
6
What is the tens digit of 4837?
3
What is the hundreds digit of 129374?
3
What is the thousands digit of 76473?
6
What is the hundreds digit of 7921?
9
What is the ten thousands digit of 51682?
5
What is the hundreds digit of 3100?
1
What is the tens digit of 10979?
7
What is the tens digit of 511?
1
What is the units digit of 1857?
7
What is the hundreds digit of 4741?
7
What is the tens digit of 64493?
9
What is the units digit of 9523?
3
What is the tens digit of 2933?
3
What is the thousands digit of 51292?
1
What is the tens digit of 9853?
5
What is the thousands digit of 15348?
5
What is the units digit of 2796?
6
What is the thousands digit of 2219?
2
What is the hundreds digit of 1439?
4
What is the thousands digit of 31640?
1
What is the units digit of 6762?
2
What is the hundreds digit of 2569?
5
What is the tens digit of 2158?
5
What is the tens digit of 44737?
3
What is the units digit of 2599?
9
What is the units digit of 1293?
3
What is the units digit of 2532?
2
What is the thousands digit of 146549?
6
What is the units digit of 981?
1
What is the tens digit of 646?
4
What is the thousands digit of 42849?
2
What is the units digit of 4624?
4
What is the thousands digit of 39463?
9
What is the hundreds digit of 17501?
5
What is the hu